{"id":2491,"date":"2016-08-17T05:36:30","date_gmt":"2016-08-17T05:36:30","guid":{"rendered":"http:\/\/evideo.elearning.ubbcluj.ro\/?page_id=2491"},"modified":"2016-08-17T15:45:42","modified_gmt":"2016-08-17T15:45:42","slug":"e-liada","status":"publish","type":"page","link":"https:\/\/video.elearning.ubbcluj.ro\/?page_id=2491","title":{"rendered":"e-LIADA"},"content":{"rendered":"<p style=\"text-align: center;\"><em>Stima\u021bi elevi, Stima\u021bi cursan\u021bi, Stima\u021bi studen\u021bi<br \/>\n<\/em><\/p>\n<p><em>Materialele\u00a0 puse la dispozi\u021bia dumneavoastr\u0103 pe aceast\u0103 pagin\u0103 web au fost realizate \u00een cadrul proiectului e-LIADA (e-Learning eficient, Individualizat \u0219i Adaptiv pentru \u00eenv\u0103\u021b\u0103m\u00e2nt la distan\u021b\u0103) implementat de Universitatea Babe\u0219-Bolyai din Cluj-Napoca \u00een perioada 2014-2015. <\/em><\/p>\n<p><em>Accesul la aceste materiale este gratuit. <\/em><\/p>\n","protected":false},"excerpt":{"rendered":"<p>Stima\u021bi elevi, Stima\u021bi cursan\u021bi, Stima\u021bi studen\u021bi Materialele\u00a0 puse la dispozi\u021bia [&hellip;]<\/p>\n","protected":false},"author":4,"featured_media":0,"parent":0,"menu_order":0,"comment_status":"open","ping_status":"open","template":"","meta":{"__cvm_playback_settings":[],"__cvm_video_id":"","footnotes":""},"_links":{"self":[{"href":"https:\/\/video.elearning.ubbcluj.ro\/index.php?rest_route=\/wp\/v2\/pages\/2491"}],"collection":[{"href":"https:\/\/video.elearning.ubbcluj.ro\/index.php?rest_route=\/wp\/v2\/pages"}],"about":[{"href":"https:\/\/video.elearning.ubbcluj.ro\/index.php?rest_route=\/wp\/v2\/types\/page"}],"author":[{"embeddable":true,"href":"https:\/\/video.elearning.ubbcluj.ro\/index.php?rest_route=\/wp\/v2\/users\/4"}],"replies":[{"embeddable":true,"href":"https:\/\/video.elearning.ubbcluj.ro\/index.php?rest_route=%2Fwp%2Fv2%2Fcomments&post=2491"}],"version-history":[{"count":2,"href":"https:\/\/video.elearning.ubbcluj.ro\/index.php?rest_route=\/wp\/v2\/pages\/2491\/revisions"}],"predecessor-version":[{"id":2528,"href":"https:\/\/video.elearning.ubbcluj.ro\/index.php?rest_route=\/wp\/v2\/pages\/2491\/revisions\/2528"}],"wp:attachment":[{"href":"https:\/\/video.elearning.ubbcluj.ro\/index.php?rest_route=%2Fwp%2Fv2%2Fmedia&parent=2491"}],"curies":[{"name":"wp","href":"https:\/\/api.w.org\/{rel}","templated":true}]}}