{"id":2409,"date":"2016-08-14T19:13:43","date_gmt":"2016-08-14T19:13:43","guid":{"rendered":"http:\/\/evideo.elearning.ubbcluj.ro\/?page_id=2409"},"modified":"2016-08-15T09:35:08","modified_gmt":"2016-08-15T09:35:08","slug":"materiale-video-prel","status":"publish","type":"page","link":"https:\/\/video.elearning.ubbcluj.ro\/?page_id=2409","title":{"rendered":"Materiale Video &#8211; PREL"},"content":{"rendered":"<p style=\"text-align: center;\"><em>Stima\u021bi profesori, Dragi elevi,<br \/>\n<\/em><\/p>\n<p>Materialele audio-video puse la dispozi\u021bia dumneavoastr\u0103 pe aceast\u0103 pagin\u0103 web au fost realizate \u00een cadrul proiectului PREL implementat de Universitatea Babe\u0219-Bolyai din Cluj-Napoca \u00een perioada 2014-2015. Accesul la aceste materiale este gratuit at\u00e2t pentru toate cadrele didactice interesate, c\u00e2t \u0219i pentru elevi.<\/p>\n<p>Ve\u021bi reg\u0103si mai jos o list\u0103 cu materialele dedicate acestei sec\u021biuni.<\/p>\n<p>&nbsp;<\/p>\n<ul>\n<li><a title=\"AERUL PROASP\u01cdT\u2026TE UCIDE\" href=\"https:\/\/video.elearning.ubbcluj.ro\/?page_id=2445\"><img decoding=\"async\" class=\"alignnone size-medium wp-image-2411\" src=\"https:\/\/video.elearning.ubbcluj.ro\/wp-content\/uploads\/2016\/08\/Aerul-proaspat...te-ucide-300x168.jpg\" alt=\"\" width=\"300\" height=\"168\" srcset=\"https:\/\/video.elearning.ubbcluj.ro\/wp-content\/uploads\/2016\/08\/Aerul-proaspat...te-ucide-300x168.jpg 300w, https:\/\/video.elearning.ubbcluj.ro\/wp-content\/uploads\/2016\/08\/Aerul-proaspat...te-ucide-1024x575.jpg 1024w\" sizes=\"(max-width: 300px) 100vw, 300px\" \/><\/a>\u00a0 <a title=\"AERUL PROASP\u01cdT\u2026TE UCIDE\" href=\"https:\/\/video.elearning.ubbcluj.ro\/?page_id=2445\">Aerul proasp\u01cet\u2026te ucide<\/a><\/li>\n<\/ul>\n<ul>\n<li><a title=\"APAREN\u021aELE NU CONTEAZ\u01cd\" href=\"https:\/\/video.elearning.ubbcluj.ro\/?page_id=2447\"><img decoding=\"async\" class=\"alignnone size-medium wp-image-2412\" src=\"https:\/\/video.elearning.ubbcluj.ro\/wp-content\/uploads\/2016\/08\/Aparentele-nu-conteaza-300x168.jpg\" alt=\"\" width=\"300\" height=\"168\" srcset=\"https:\/\/video.elearning.ubbcluj.ro\/wp-content\/uploads\/2016\/08\/Aparentele-nu-conteaza-300x168.jpg 300w, https:\/\/video.elearning.ubbcluj.ro\/wp-content\/uploads\/2016\/08\/Aparentele-nu-conteaza-1024x573.jpg 1024w\" sizes=\"(max-width: 300px) 100vw, 300px\" \/><\/a>\u00a0 <a title=\"APAREN\u021aELE NU CONTEAZ\u01cd\" href=\"https:\/\/video.elearning.ubbcluj.ro\/?page_id=2447\">Aparen\u021bele nu conteaz\u01ce<\/a><\/li>\n<\/ul>\n<ul>\n<li><a title=\"CE S\u01cd FAC, CUM S\u01cd FAC\" href=\"https:\/\/video.elearning.ubbcluj.ro\/?page_id=2449\"><img decoding=\"async\" class=\"alignnone size-medium wp-image-2413\" src=\"https:\/\/video.elearning.ubbcluj.ro\/wp-content\/uploads\/2016\/08\/Ce-sa-fac-cum-sa-fac-300x168.jpg\" alt=\"\" width=\"300\" height=\"168\" srcset=\"https:\/\/video.elearning.ubbcluj.ro\/wp-content\/uploads\/2016\/08\/Ce-sa-fac-cum-sa-fac-300x168.jpg 300w, https:\/\/video.elearning.ubbcluj.ro\/wp-content\/uploads\/2016\/08\/Ce-sa-fac-cum-sa-fac-1024x576.jpg 1024w\" sizes=\"(max-width: 300px) 100vw, 300px\" \/><\/a>\u00a0 <a title=\"CE S\u01cd FAC, CUM S\u01cd FAC\" href=\"https:\/\/video.elearning.ubbcluj.ro\/?page_id=2449\">Ce s\u01ce fac, cum s\u01ce fac<\/a><\/li>\n<\/ul>\n<ul>\n<li><a title=\"CUM S\u01cd-MI VINDEC INIMA\" href=\"https:\/\/video.elearning.ubbcluj.ro\/?page_id=2451\"><img decoding=\"async\" class=\"alignnone size-medium wp-image-2417\" src=\"https:\/\/video.elearning.ubbcluj.ro\/wp-content\/uploads\/2016\/08\/Cum-sa-mi-vindec-inima-300x168.jpg\" alt=\"\" width=\"300\" height=\"168\" srcset=\"https:\/\/video.elearning.ubbcluj.ro\/wp-content\/uploads\/2016\/08\/Cum-sa-mi-vindec-inima-300x168.jpg 300w, https:\/\/video.elearning.ubbcluj.ro\/wp-content\/uploads\/2016\/08\/Cum-sa-mi-vindec-inima-1024x575.jpg 1024w\" sizes=\"(max-width: 300px) 100vw, 300px\" \/><\/a>\u00a0 <a title=\"CUM S\u01cd-MI VINDEC INIMA\" href=\"https:\/\/video.elearning.ubbcluj.ro\/?page_id=2451\">Cum s\u01ce-mi vindec inima<\/a><\/li>\n<\/ul>\n<ul>\n<li><a title=\"CINE TE VEDE\" href=\"https:\/\/video.elearning.ubbcluj.ro\/?page_id=2453\"><img decoding=\"async\" class=\"alignnone size-medium wp-image-2414\" src=\"https:\/\/video.elearning.ubbcluj.ro\/wp-content\/uploads\/2016\/08\/Cine-te-vede-300x167.jpg\" alt=\"\" width=\"300\" height=\"167\" srcset=\"https:\/\/video.elearning.ubbcluj.ro\/wp-content\/uploads\/2016\/08\/Cine-te-vede-300x167.jpg 300w, https:\/\/video.elearning.ubbcluj.ro\/wp-content\/uploads\/2016\/08\/Cine-te-vede-1024x573.jpg 1024w\" sizes=\"(max-width: 300px) 100vw, 300px\" \/><\/a>\u00a0 <a title=\"CINE TE VEDE\" href=\"https:\/\/video.elearning.ubbcluj.ro\/?page_id=2453\">Cine te vede<\/a><\/li>\n<\/ul>\n<ul>\n<li><a title=\"COMENTARIUL\" href=\"https:\/\/video.elearning.ubbcluj.ro\/?page_id=2455\"><img decoding=\"async\" class=\"alignnone size-medium wp-image-2415\" src=\"https:\/\/video.elearning.ubbcluj.ro\/wp-content\/uploads\/2016\/08\/Comentariul-300x167.jpg\" alt=\"\" width=\"300\" height=\"167\" srcset=\"https:\/\/video.elearning.ubbcluj.ro\/wp-content\/uploads\/2016\/08\/Comentariul-300x167.jpg 300w, https:\/\/video.elearning.ubbcluj.ro\/wp-content\/uploads\/2016\/08\/Comentariul-1024x573.jpg 1024w\" sizes=\"(max-width: 300px) 100vw, 300px\" \/><\/a>\u00a0 <a title=\"COMENTARIUL\" href=\"https:\/\/video.elearning.ubbcluj.ro\/?page_id=2455\">Comentariul<\/a><\/li>\n<\/ul>\n<ul>\n<li><a title=\"CU TOATA FRICA \u0218I DRAGOSTEA\" href=\"https:\/\/video.elearning.ubbcluj.ro\/?page_id=2457\"><img decoding=\"async\" class=\"alignnone size-medium wp-image-2416\" src=\"https:\/\/video.elearning.ubbcluj.ro\/wp-content\/uploads\/2016\/08\/Cu-toata-frica-si-dragostea-300x168.jpg\" alt=\"\" width=\"300\" height=\"168\" srcset=\"https:\/\/video.elearning.ubbcluj.ro\/wp-content\/uploads\/2016\/08\/Cu-toata-frica-si-dragostea-300x168.jpg 300w, https:\/\/video.elearning.ubbcluj.ro\/wp-content\/uploads\/2016\/08\/Cu-toata-frica-si-dragostea-1024x575.jpg 1024w\" sizes=\"(max-width: 300px) 100vw, 300px\" \/><\/a>\u00a0 <a title=\"CU TOATA FRICA \u0218I DRAGOSTEA\" href=\"https:\/\/video.elearning.ubbcluj.ro\/?page_id=2457\">Cu toata frica \u0219i dragostea<\/a><\/li>\n<\/ul>\n<ul>\n<li><a title=\"DELICATESELE MELE DE POST\u2026\" href=\"https:\/\/video.elearning.ubbcluj.ro\/?page_id=2459\"><img decoding=\"async\" class=\"alignnone size-medium wp-image-2419\" src=\"https:\/\/video.elearning.ubbcluj.ro\/wp-content\/uploads\/2016\/08\/Delicatesele-mele-de-post-300x168.jpg\" alt=\"\" width=\"300\" height=\"168\" srcset=\"https:\/\/video.elearning.ubbcluj.ro\/wp-content\/uploads\/2016\/08\/Delicatesele-mele-de-post-300x168.jpg 300w, https:\/\/video.elearning.ubbcluj.ro\/wp-content\/uploads\/2016\/08\/Delicatesele-mele-de-post-1024x575.jpg 1024w\" sizes=\"(max-width: 300px) 100vw, 300px\" \/><\/a>\u00a0 <a title=\"DELICATESELE MELE DE POST\u2026\" href=\"https:\/\/video.elearning.ubbcluj.ro\/?page_id=2459\">Delicatesele mele de post\u2026<\/a><\/li>\n<\/ul>\n<ul>\n<li><a title=\"DE CR\u01cdCIUN PLOU\u01cd CU DARURI\" href=\"https:\/\/video.elearning.ubbcluj.ro\/?page_id=2461\"><img decoding=\"async\" class=\"alignnone size-medium wp-image-2418\" src=\"https:\/\/video.elearning.ubbcluj.ro\/wp-content\/uploads\/2016\/08\/De-craciun-ploua-cu-daruri-300x168.jpg\" alt=\"\" width=\"300\" height=\"168\" srcset=\"https:\/\/video.elearning.ubbcluj.ro\/wp-content\/uploads\/2016\/08\/De-craciun-ploua-cu-daruri-300x168.jpg 300w, https:\/\/video.elearning.ubbcluj.ro\/wp-content\/uploads\/2016\/08\/De-craciun-ploua-cu-daruri-1024x575.jpg 1024w\" sizes=\"(max-width: 300px) 100vw, 300px\" \/><\/a>\u00a0 <a title=\"DE CR\u01cdCIUN PLOU\u01cd CU DARURI\" href=\"https:\/\/video.elearning.ubbcluj.ro\/?page_id=2461\">De Cr\u01ceciun plou\u01ce cu daruri<\/a><\/li>\n<\/ul>\n<ul>\n<li><a title=\"FIECARE OM I\u0218I CAUT\u01cd\" href=\"https:\/\/video.elearning.ubbcluj.ro\/?page_id=2463\"><img decoding=\"async\" class=\"alignnone size-medium wp-image-2420\" src=\"https:\/\/video.elearning.ubbcluj.ro\/wp-content\/uploads\/2016\/08\/Fiecare-om-isi-cauta-300x168.jpg\" alt=\"\" width=\"300\" height=\"168\" srcset=\"https:\/\/video.elearning.ubbcluj.ro\/wp-content\/uploads\/2016\/08\/Fiecare-om-isi-cauta-300x168.jpg 300w, https:\/\/video.elearning.ubbcluj.ro\/wp-content\/uploads\/2016\/08\/Fiecare-om-isi-cauta-1024x575.jpg 1024w\" sizes=\"(max-width: 300px) 100vw, 300px\" \/><\/a>\u00a0 <a title=\"FIECARE OM I\u0218I CAUT\u01cd\" href=\"https:\/\/video.elearning.ubbcluj.ro\/?page_id=2463\">Fiecare om i\u0219i caut\u01ce<\/a><\/li>\n<\/ul>\n<ul>\n<li><a title=\"INVESTI\u021aII IN\u021aELEPTE\" href=\"https:\/\/video.elearning.ubbcluj.ro\/?page_id=2465\"><img decoding=\"async\" class=\"alignnone size-medium wp-image-2422\" src=\"https:\/\/video.elearning.ubbcluj.ro\/wp-content\/uploads\/2016\/08\/Investitii-intelepte-300x168.jpg\" alt=\"\" width=\"300\" height=\"168\" srcset=\"https:\/\/video.elearning.ubbcluj.ro\/wp-content\/uploads\/2016\/08\/Investitii-intelepte-300x168.jpg 300w, https:\/\/video.elearning.ubbcluj.ro\/wp-content\/uploads\/2016\/08\/Investitii-intelepte-1024x574.jpg 1024w\" sizes=\"(max-width: 300px) 100vw, 300px\" \/><\/a>\u00a0<a title=\"INVESTI\u021aII IN\u021aELEPTE\" href=\"https:\/\/video.elearning.ubbcluj.ro\/?page_id=2465\"> Investi\u021bii \u00een\u021belepte<\/a><\/li>\n<\/ul>\n<ul>\n<li><a title=\"IN C\u01cdILE TALE VOI UMBLA\" href=\"https:\/\/video.elearning.ubbcluj.ro\/?page_id=2467\"><img decoding=\"async\" class=\"alignnone size-medium wp-image-2421\" src=\"https:\/\/video.elearning.ubbcluj.ro\/wp-content\/uploads\/2016\/08\/In-caile-tale-voi-umbla-300x168.jpg\" alt=\"\" width=\"300\" height=\"168\" srcset=\"https:\/\/video.elearning.ubbcluj.ro\/wp-content\/uploads\/2016\/08\/In-caile-tale-voi-umbla-300x168.jpg 300w, https:\/\/video.elearning.ubbcluj.ro\/wp-content\/uploads\/2016\/08\/In-caile-tale-voi-umbla-1024x576.jpg 1024w, https:\/\/video.elearning.ubbcluj.ro\/wp-content\/uploads\/2016\/08\/In-caile-tale-voi-umbla.jpg 1917w\" sizes=\"(max-width: 300px) 100vw, 300px\" \/><\/a>\u00a0 <a title=\"IN C\u01cdILE TALE VOI UMBLA\" href=\"https:\/\/video.elearning.ubbcluj.ro\/?page_id=2467\">In c\u01ceile tale voi umbla<\/a><\/li>\n<\/ul>\n<ul>\n<li><a title=\"JOCUL CU\u2026PAINEA\" href=\"https:\/\/video.elearning.ubbcluj.ro\/?page_id=2469\"><img decoding=\"async\" class=\"alignnone size-medium wp-image-2423\" src=\"https:\/\/video.elearning.ubbcluj.ro\/wp-content\/uploads\/2016\/08\/Jocul-cu-painea-300x168.jpg\" alt=\"\" width=\"300\" height=\"168\" srcset=\"https:\/\/video.elearning.ubbcluj.ro\/wp-content\/uploads\/2016\/08\/Jocul-cu-painea-300x168.jpg 300w, https:\/\/video.elearning.ubbcluj.ro\/wp-content\/uploads\/2016\/08\/Jocul-cu-painea-1024x575.jpg 1024w\" sizes=\"(max-width: 300px) 100vw, 300px\" \/><\/a>\u00a0 <a title=\"JOCUL CU\u2026PAINEA\" href=\"https:\/\/video.elearning.ubbcluj.ro\/?page_id=2469\">Jocul cu\u2026painea<\/a><\/li>\n<\/ul>\n<ul>\n<li><a title=\"MULTE LOCA\u0218URI SAU\u2026MULTE LOCURI\" href=\"https:\/\/video.elearning.ubbcluj.ro\/?page_id=2471\"><img decoding=\"async\" class=\"alignnone size-medium wp-image-2424\" src=\"https:\/\/video.elearning.ubbcluj.ro\/wp-content\/uploads\/2016\/08\/Multe-locasuri-sau-multe-locuri-300x168.jpg\" alt=\"\" width=\"300\" height=\"168\" srcset=\"https:\/\/video.elearning.ubbcluj.ro\/wp-content\/uploads\/2016\/08\/Multe-locasuri-sau-multe-locuri-300x168.jpg 300w, https:\/\/video.elearning.ubbcluj.ro\/wp-content\/uploads\/2016\/08\/Multe-locasuri-sau-multe-locuri-1024x575.jpg 1024w\" sizes=\"(max-width: 300px) 100vw, 300px\" \/><\/a>\u00a0 <a title=\"MULTE LOCA\u0218URI SAU\u2026MULTE LOCURI\" href=\"https:\/\/video.elearning.ubbcluj.ro\/?page_id=2471\">Multe loca\u0219uri sau\u2026multe locuri<\/a><\/li>\n<\/ul>\n<ul>\n<li><a title=\"NU, NU, NU, EU POSTESC\" href=\"https:\/\/video.elearning.ubbcluj.ro\/?page_id=2473\"><img decoding=\"async\" class=\"alignnone size-medium wp-image-2425\" src=\"https:\/\/video.elearning.ubbcluj.ro\/wp-content\/uploads\/2016\/08\/Nu-nu-nu-eu-postesc-300x168.jpg\" alt=\"\" width=\"300\" height=\"168\" srcset=\"https:\/\/video.elearning.ubbcluj.ro\/wp-content\/uploads\/2016\/08\/Nu-nu-nu-eu-postesc-300x168.jpg 300w, https:\/\/video.elearning.ubbcluj.ro\/wp-content\/uploads\/2016\/08\/Nu-nu-nu-eu-postesc-1024x574.jpg 1024w, https:\/\/video.elearning.ubbcluj.ro\/wp-content\/uploads\/2016\/08\/Nu-nu-nu-eu-postesc.jpg 1917w\" sizes=\"(max-width: 300px) 100vw, 300px\" \/><\/a>\u00a0 <a title=\"NU, NU, NU, EU POSTESC\" href=\"https:\/\/video.elearning.ubbcluj.ro\/?page_id=2473\">Nu, nu, nu, Eu postesc<\/a><\/li>\n<\/ul>\n<ul>\n<li><a title=\"O CERERE DE T\u01cdM\u01cdDUIRE\" href=\"https:\/\/video.elearning.ubbcluj.ro\/?page_id=2475\"><img decoding=\"async\" class=\"alignnone size-medium wp-image-2426\" src=\"https:\/\/video.elearning.ubbcluj.ro\/wp-content\/uploads\/2016\/08\/O-cerere-de-tamaduire-300x168.jpg\" alt=\"\" width=\"300\" height=\"168\" srcset=\"https:\/\/video.elearning.ubbcluj.ro\/wp-content\/uploads\/2016\/08\/O-cerere-de-tamaduire-300x168.jpg 300w, https:\/\/video.elearning.ubbcluj.ro\/wp-content\/uploads\/2016\/08\/O-cerere-de-tamaduire-1024x575.jpg 1024w\" sizes=\"(max-width: 300px) 100vw, 300px\" \/><\/a>\u00a0 <a title=\"O CERERE DE T\u01cdM\u01cdDUIRE\" href=\"https:\/\/video.elearning.ubbcluj.ro\/?page_id=2475\">O cerere de t\u01cem\u01ceduire<\/a><\/li>\n<\/ul>\n<ul>\n<li><a title=\"OMUL \u0218I NATURA\" href=\"https:\/\/video.elearning.ubbcluj.ro\/?page_id=2477\"><img decoding=\"async\" class=\"alignnone size-medium wp-image-2428\" src=\"https:\/\/video.elearning.ubbcluj.ro\/wp-content\/uploads\/2016\/08\/Omul-si-natura-300x168.jpg\" alt=\"\" width=\"300\" height=\"168\" srcset=\"https:\/\/video.elearning.ubbcluj.ro\/wp-content\/uploads\/2016\/08\/Omul-si-natura-300x168.jpg 300w, https:\/\/video.elearning.ubbcluj.ro\/wp-content\/uploads\/2016\/08\/Omul-si-natura-1024x575.jpg 1024w\" sizes=\"(max-width: 300px) 100vw, 300px\" \/><\/a>\u00a0 <a title=\"OMUL \u0218I NATURA\" href=\"https:\/\/video.elearning.ubbcluj.ro\/?page_id=2477\">Omul \u0219i natura<\/a><\/li>\n<\/ul>\n<ul>\n<li><a title=\"O ZI FAIN\u01cd\u2026\" href=\"https:\/\/video.elearning.ubbcluj.ro\/?page_id=2479\"><img decoding=\"async\" class=\"alignnone size-medium wp-image-2427\" src=\"https:\/\/video.elearning.ubbcluj.ro\/wp-content\/uploads\/2016\/08\/O-zi-faina-300x168.jpg\" alt=\"\" width=\"300\" height=\"168\" srcset=\"https:\/\/video.elearning.ubbcluj.ro\/wp-content\/uploads\/2016\/08\/O-zi-faina-300x168.jpg 300w, https:\/\/video.elearning.ubbcluj.ro\/wp-content\/uploads\/2016\/08\/O-zi-faina-1024x575.jpg 1024w\" sizes=\"(max-width: 300px) 100vw, 300px\" \/><\/a>\u00a0 <a title=\"O ZI FAIN\u01cd\u2026\" href=\"https:\/\/video.elearning.ubbcluj.ro\/?page_id=2479\">O zi fain\u01ce\u2026<\/a><\/li>\n<\/ul>\n<ul>\n<li><a title=\"UMBRA\" href=\"https:\/\/video.elearning.ubbcluj.ro\/?page_id=2481\"><img decoding=\"async\" class=\"alignnone size-medium wp-image-2429\" src=\"https:\/\/video.elearning.ubbcluj.ro\/wp-content\/uploads\/2016\/08\/Umbra-300x167.jpg\" alt=\"\" width=\"300\" height=\"167\" srcset=\"https:\/\/video.elearning.ubbcluj.ro\/wp-content\/uploads\/2016\/08\/Umbra-300x167.jpg 300w, https:\/\/video.elearning.ubbcluj.ro\/wp-content\/uploads\/2016\/08\/Umbra-1024x573.jpg 1024w\" sizes=\"(max-width: 300px) 100vw, 300px\" \/><\/a>\u00a0 <a title=\"UMBRA\" href=\"https:\/\/video.elearning.ubbcluj.ro\/?page_id=2481\">Umbra<\/a><\/li>\n<\/ul>\n<ul>\n<li><a title=\"VISURI\" href=\"https:\/\/video.elearning.ubbcluj.ro\/?page_id=2483\"><img decoding=\"async\" class=\"alignnone size-medium wp-image-2430\" src=\"https:\/\/video.elearning.ubbcluj.ro\/wp-content\/uploads\/2016\/08\/Visuri-300x168.jpg\" alt=\"\" width=\"300\" height=\"168\" srcset=\"https:\/\/video.elearning.ubbcluj.ro\/wp-content\/uploads\/2016\/08\/Visuri-300x168.jpg 300w, https:\/\/video.elearning.ubbcluj.ro\/wp-content\/uploads\/2016\/08\/Visuri-1024x576.jpg 1024w, https:\/\/video.elearning.ubbcluj.ro\/wp-content\/uploads\/2016\/08\/Visuri.jpg 1917w\" sizes=\"(max-width: 300px) 100vw, 300px\" \/><\/a>\u00a0 <a title=\"VISURI\" href=\"https:\/\/video.elearning.ubbcluj.ro\/?page_id=2483\">Visuri<\/a><\/li>\n<\/ul>\n<ul>\n<li><a title=\"VOLUNTARIAT\" href=\"https:\/\/video.elearning.ubbcluj.ro\/?page_id=2485\"><img decoding=\"async\" class=\"alignnone size-medium wp-image-2431\" src=\"https:\/\/video.elearning.ubbcluj.ro\/wp-content\/uploads\/2016\/08\/Voluntariat-300x167.jpg\" alt=\"\" width=\"300\" height=\"167\" srcset=\"https:\/\/video.elearning.ubbcluj.ro\/wp-content\/uploads\/2016\/08\/Voluntariat-300x167.jpg 300w, https:\/\/video.elearning.ubbcluj.ro\/wp-content\/uploads\/2016\/08\/Voluntariat-1024x572.jpg 1024w, https:\/\/video.elearning.ubbcluj.ro\/wp-content\/uploads\/2016\/08\/Voluntariat.jpg 1917w\" sizes=\"(max-width: 300px) 100vw, 300px\" \/><\/a>\u00a0 <a title=\"VOLUNTARIAT\" href=\"https:\/\/video.elearning.ubbcluj.ro\/?page_id=2485\">Voluntariat<\/a><\/li>\n<\/ul>\n","protected":false},"excerpt":{"rendered":"<p>Stima\u021bi profesori, Dragi elevi, Materialele audio-video puse la dispozi\u021bia dumneavoastr\u0103 [&hellip;]<\/p>\n","protected":false},"author":4,"featured_media":0,"parent":0,"menu_order":0,"comment_status":"open","ping_status":"open","template":"","meta":{"__cvm_playback_settings":[],"__cvm_video_id":"","footnotes":""},"_links":{"self":[{"href":"https:\/\/video.elearning.ubbcluj.ro\/index.php?rest_route=\/wp\/v2\/pages\/2409"}],"collection":[{"href":"https:\/\/video.elearning.ubbcluj.ro\/index.php?rest_route=\/wp\/v2\/pages"}],"about":[{"href":"https:\/\/video.elearning.ubbcluj.ro\/index.php?rest_route=\/wp\/v2\/types\/page"}],"author":[{"embeddable":true,"href":"https:\/\/video.elearning.ubbcluj.ro\/index.php?rest_route=\/wp\/v2\/users\/4"}],"replies":[{"embeddable":true,"href":"https:\/\/video.elearning.ubbcluj.ro\/index.php?rest_route=%2Fwp%2Fv2%2Fcomments&post=2409"}],"version-history":[{"count":4,"href":"https:\/\/video.elearning.ubbcluj.ro\/index.php?rest_route=\/wp\/v2\/pages\/2409\/revisions"}],"predecessor-version":[{"id":2487,"href":"https:\/\/video.elearning.ubbcluj.ro\/index.php?rest_route=\/wp\/v2\/pages\/2409\/revisions\/2487"}],"wp:attachment":[{"href":"https:\/\/video.elearning.ubbcluj.ro\/index.php?rest_route=%2Fwp%2Fv2%2Fmedia&parent=2409"}],"curies":[{"name":"wp","href":"https:\/\/api.w.org\/{rel}","templated":true}]}}